{"id":4337,"date":"2016-12-29T15:22:37","date_gmt":"2016-12-29T15:22:37","guid":{"rendered":"https:\/\/meetings.informs.org\/wordpress\/wsc2017\/?page_id=4337"},"modified":"2017-10-05T13:54:21","modified_gmt":"2017-10-05T13:54:21","slug":"keynotes","status":"publish","type":"page","link":"https:\/\/meetings.informs.org\/wordpress\/wsc2017\/keynotes\/","title":{"rendered":"Keynotes"},"content":{"rendered":"<p>[vc_row][vc_column][vc_column_text]<\/p>\n<h3>50th Anniversary\u00a0Keynote: Barry L. Nelson<\/h3>\n<p>[\/vc_column_text][vc_row_inner][vc_column_inner width=&#8221;1\/4&#8243;][vc_single_image image=&#8221;4331&#8243; alignment=&#8221;center&#8221;][\/vc_column_inner][vc_column_inner width=&#8221;3\/4&#8243;][vc_column_text]Walter P Murphy<br \/>\nProfessor, Department of Industrial Engineering &amp; Management Sciences<br \/>\nNorthwestern University[\/vc_column_text][\/vc_column_inner][\/vc_row_inner][vc_column_text]<\/p>\n<h4>WSC 2067:\u00a0\u00a0 What Are The Chances?<\/h4>\n<p>At the November 1967 &#8220;Conference on the Applications of Simulation Using GPSS&#8221; it seems unlikely that anyone was wondering if the conference would still be occupying a big hotel in 2017. Conferences persist for many reasons, but a technical conference like WSC has to remain relevant to users, vendors, researchers and consumers (not just hotels) to survive. If our kind of simulation vanished, then so (eventually) would WSC.\u00a0 What is required for simulation to &#8220;remain relevant&#8221; for the next 50 years?\u00a0 Without fear of having to answer for my crimes in 2067, I boldly speculate on what SHOULD matter for the next 10-20 years, if not the next 50, with a focus on our strength: dealing with uncertainty.[\/vc_column_text][vc_separator color=&#8221;blue&#8221;][\/vc_column][\/vc_row][vc_row][vc_column][vc_separator][\/vc_column][\/vc_row][vc_row][vc_column][vc_column_text]<\/p>\n<h3>50th Anniversary Titans<\/h3>\n<p>[\/vc_column_text][vc_row_inner][vc_column_inner width=&#8221;1\/4&#8243;][vc_single_image image=&#8221;4334&#8243; alignment=&#8221;center&#8221;][\/vc_column_inner][vc_column_inner width=&#8221;3\/4&#8243;][vc_column_text]<strong>Robert G. Sargent<\/strong><\/p>\n<p>Professor Emeritus &#8211; Syracuse University[\/vc_column_text][\/vc_column_inner][\/vc_row_inner][vc_column_text]<\/p>\n<h4>A Perspective on Fifty-Five Years of the Evolution of Scientific Respect for Simulation<\/h4>\n<p>This presentation will give a personal perspective on the evolution of how discrete-event simulation moved from having an image from the 1950s through the 1980s of being a \u201cbrute force programming effort\u201d and as a problem solving \u201cmethod of last resort\u201d to today\u2019s status where simulation enjoys \u201cconsiderable scientific respect\u201d as simulation is often the solution \u201cmethod of choice\u201d and has much \u201cscholarly respect\u201d. This evolution changed simulation from using \u201cad hoc methods\u201d of solution on \u201cearly digital computers\u201d to using simulation software systems containing \u201cscience-based methods\u201d of solution on \u201cmodern day computers\u201d.[\/vc_column_text][vc_separator color=&#8221;blue&#8221;][vc_column_text][\/vc_column_text][\/vc_column][\/vc_row][vc_row][vc_column][vc_row_inner][vc_column_inner width=&#8221;1\/4&#8243;][vc_single_image image=&#8221;4512&#8243; alignment=&#8221;center&#8221;][\/vc_column_inner][vc_column_inner width=&#8221;3\/4&#8243;][vc_column_text]<strong>Bernard P. Zeigler<\/strong><\/p>\n<p>Professor Emeritus of Electrical and Computer Engineering &#8211; University of Arizona[\/vc_column_text][\/vc_column_inner][\/vc_row_inner][vc_column_text]<\/p>\n<h4>Why Should We Develop Simulation Models in Pairs?<\/h4>\n<p>The conventional approach to model construction for simulation is to focus on a single model and follow a more or less structured development cycle. Why we put in twice the time and effort to develop two models rather than one? The answer lies in the fact that like most greedy heuristics, short-sightedness at the beginning may be much more costly in the end. This talk will champion the cause of the pairs-of-models (perhaps families of models) with discussion of multiresolution modeling. We show how the pair-of-models approach leads to be better results overall than construction of a complex model followed by a simpler model developed subsequently by necessity under stress when complexity overwhelms. Benefits include the ability to perform mutual cross-calibration, avoiding the usual difficulties in harmonization of the underlying ontologies as well as ability to better reconcile and correlate predictions of referent system outcomes.[\/vc_column_text][vc_separator color=&#8221;blue&#8221;][\/vc_column][\/vc_row][vc_row][vc_column][vc_column_text]<\/p>\n<h3>MASM Keynote<\/h3>\n<p>[\/vc_column_text][vc_row_inner][vc_column_inner width=&#8221;1\/4&#8243;][vc_single_image image=&#8221;4335&#8243; alignment=&#8221;center&#8221;][\/vc_column_inner][vc_column_inner width=&#8221;3\/4&#8243;][vc_column_text]<strong>St\u00e9phane Dauz\u00e8re-P\u00e9r\u00e8s<\/strong><\/p>\n<p>Professor, Ecole des Mines de Saint-Etienne[\/vc_column_text][\/vc_column_inner][\/vc_row_inner][vc_column_text]<\/p>\n<h4>Achievements and Lessons Learned from a Long-term Academic-Industrial Collaboration<\/h4>\n<p>I had the opportunity to work for about 14 years on many different projects with two manufacturing sites of the French-Italian semiconductor company STMicroelectronics. Supported by European, national and industrial projects, this still active long-term academic-industrial collaboration led to many scientific and industrial achievements, spreading to other companies. Through regular exchanges, engineers, researchers, PhD and Master students were able to present their problems, their advances and generate new research projects. After some history of the collaboration, the presentation will survey some of the main research and industrial results in qualification and flexibility management, production and capacity planning, scheduling, automated transportation, dynamic sampling and time constraint management. Challenges faced and lessons learned when applying Operations Research and Industrial Engineering in practice, and in particular in semiconductor manufacturing, will be discussed. Benefits for both practitioners and researchers will be emphasized, such as the opportunity to propose and study new relevant problems and develop and apply novel approaches using actual industrial data.<\/span>[\/vc_column_text][vc_separator color=&#8221;blue&#8221;][\/vc_column][\/vc_row][vc_row][vc_column][vc_column_text][\/vc_column_text][vc_column_text]<\/p>\n<h3>Military Keynote<\/h3>\n<p>[\/vc_column_text][vc_row_inner][vc_column_inner width=&#8221;1\/4&#8243;][vc_single_image image=&#8221;4333&#8243; alignment=&#8221;center&#8221;][\/vc_column_inner][vc_column_inner width=&#8221;3\/4&#8243;][vc_column_text]<strong>Douglas Hodson<\/strong><\/p>\n<p>Associate Professor, Professor of Computer Engineering at the Air Force Institute of Technology (AFIT)[\/vc_column_text][\/vc_column_inner][\/vc_row_inner][vc_column_text]<\/p>\n<h4>Military Simulation:\u00a0 A Ubiquitous Future<\/h4>\n<p>The Department of Defense uses Modeling and Simulation to support a variety of activities ranging from engineering to theater-level analytical studies, training, strategy evaluation and test. This talk presents some of the current challenges, research directions and promising opportunities to further exploit this powerful tool to understand complex system dynamics and predict performance.<\/p>\n<p>[\/vc_column_text][vc_separator color=&#8221;blue&#8221;][vc_column_text]<\/p>\n<h3>History of Simulation Keynote<\/h3>\n<p>[\/vc_column_text][vc_row_inner][vc_column_inner width=&#8221;1\/4&#8243;][vc_single_image image=&#8221;4475&#8243; alignment=&#8221;center&#8221;][\/vc_column_inner][vc_column_inner width=&#8221;3\/4&#8243;][vc_column_text]<strong>Brian Hollocks<\/strong><\/p>\n<p>Professor, Bournemouth University, Faculty of Management.[\/vc_column_text][\/vc_column_inner][\/vc_row_inner][vc_column_text]<\/p>\n<h4>History of Simulation in the United Kingdom<\/h4>\n<p>Discrete-event simulation first emerged in the late 1950s and steadily grew in popularity to become the most frequently used of the classical Operational Research techniques across a range of industries and users. The leading advances in the evolution of discrete-event simulation software came from the United Kingdom and the USA and this presenter was engaged for some 30 years with its development and use. The presentation reviews that history as a first-hand account, specifically in the United Kingdom.<\/span><\/span>[\/vc_column_text][\/vc_column][\/vc_row]<\/p>\n","protected":false},"excerpt":{"rendered":"<p>[vc_row][vc_column][vc_column_text] 50th Anniversary\u00a0Keynote: Barry L. Nelson [\/vc_column_text][vc_row_inner][vc_column_inner width=&#8221;1\/4&#8243;][vc_single_image image=&#8221;4331&#8243; alignment=&#8221;center&#8221;][\/vc_column_inner][vc_column_inner width=&#8221;3\/4&#8243;][vc_column_text]Walter P Murphy Professor, Department of Industrial Engineering &amp; Management Sciences Northwestern University[\/vc_column_text][\/vc_column_inner][\/vc_row_inner][vc_column_text] WSC 2067:\u00a0\u00a0 What Are The Chances? At the November 1967 &#8220;Conference on the Applications of Simulation Using GPSS&#8221; it seems unlikely that anyone was wondering if the conference would still be occupying [&hellip;]<\/p>\n","protected":false},"author":1001077,"featured_media":0,"parent":0,"menu_order":0,"comment_status":"closed","ping_status":"closed","template":"","meta":{"_acf_changed":false,"content-type":"","footnotes":""},"class_list":["post-4337","page","type-page","status-publish","hentry","has-post-title","has-post-date","has-post-category","has-post-tag","has-post-comment","has-post-author",""],"acf":[],"yoast_head":"<!-- This site is optimized with the Yoast SEO Premium plugin v26.0 (Yoast SEO v26.0) - https:\/\/yoast.com\/wordpress\/plugins\/seo\/ -->\n<title>Keynotes - Winter Simulation Conference 2017<\/title>\n<meta name=\"robots\" content=\"index, follow, max-snippet:-1, max-image-preview:large, max-video-preview:-1\" \/>\n<link rel=\"canonical\" href=\"https:\/\/meetings.informs.org\/wordpress\/wsc2017\/keynotes\/\" \/>\n<meta property=\"og:locale\" content=\"en_US\" \/>\n<meta property=\"og:type\" content=\"article\" \/>\n<meta property=\"og:title\" content=\"Keynotes\" \/>\n<meta property=\"og:description\" content=\"[vc_row][vc_column][vc_column_text] 50th Anniversary\u00a0Keynote: Barry L. Nelson [\/vc_column_text][vc_row_inner][vc_column_inner width=&#8221;1\/4&#8243;][vc_single_image image=&#8221;4331&#8243; alignment=&#8221;center&#8221;][\/vc_column_inner][vc_column_inner width=&#8221;3\/4&#8243;][vc_column_text]Walter P Murphy Professor, Department of Industrial Engineering &amp; Management Sciences Northwestern University[\/vc_column_text][\/vc_column_inner][\/vc_row_inner][vc_column_text] WSC 2067:\u00a0\u00a0 What Are The Chances? At the November 1967 &#8220;Conference on the Applications of Simulation Using GPSS&#8221; it seems unlikely that anyone was wondering if the conference would still be occupying [&hellip;]\" \/>\n<meta property=\"og:url\" content=\"https:\/\/meetings.informs.org\/wordpress\/wsc2017\/keynotes\/\" \/>\n<meta property=\"og:site_name\" content=\"Winter Simulation Conference 2017\" \/>\n<meta property=\"article:modified_time\" content=\"2017-10-05T13:54:21+00:00\" \/>\n<meta name=\"twitter:card\" content=\"summary_large_image\" \/>\n<meta name=\"twitter:label1\" content=\"Est. reading time\" \/>\n\t<meta name=\"twitter:data1\" content=\"6 minutes\" \/>\n<script type=\"application\/ld+json\" class=\"yoast-schema-graph\">{\"@context\":\"https:\/\/schema.org\",\"@graph\":[{\"@type\":\"WebPage\",\"@id\":\"https:\/\/meetings.informs.org\/wordpress\/wsc2017\/keynotes\/\",\"url\":\"https:\/\/meetings.informs.org\/wordpress\/wsc2017\/keynotes\/\",\"name\":\"Keynotes - Winter Simulation Conference 2017\",\"isPartOf\":{\"@id\":\"https:\/\/meetings.informs.org\/wordpress\/wsc2017\/#website\"},\"datePublished\":\"2016-12-29T15:22:37+00:00\",\"dateModified\":\"2017-10-05T13:54:21+00:00\",\"breadcrumb\":{\"@id\":\"https:\/\/meetings.informs.org\/wordpress\/wsc2017\/keynotes\/#breadcrumb\"},\"inLanguage\":\"en-US\",\"potentialAction\":[{\"@type\":\"ReadAction\",\"target\":[\"https:\/\/meetings.informs.org\/wordpress\/wsc2017\/keynotes\/\"]}]},{\"@type\":\"BreadcrumbList\",\"@id\":\"https:\/\/meetings.informs.org\/wordpress\/wsc2017\/keynotes\/#breadcrumb\",\"itemListElement\":[{\"@type\":\"ListItem\",\"position\":1,\"name\":\"Home\",\"item\":\"https:\/\/meetings.informs.org\/wordpress\/wsc2017\/\"},{\"@type\":\"ListItem\",\"position\":2,\"name\":\"Keynotes\"}]},{\"@type\":\"WebSite\",\"@id\":\"https:\/\/meetings.informs.org\/wordpress\/wsc2017\/#website\",\"url\":\"https:\/\/meetings.informs.org\/wordpress\/wsc2017\/\",\"name\":\"Winter Simulation Conference 2017\",\"description\":\"WINTER SIMULATION CONFERENCE 2017\",\"potentialAction\":[{\"@type\":\"SearchAction\",\"target\":{\"@type\":\"EntryPoint\",\"urlTemplate\":\"https:\/\/meetings.informs.org\/wordpress\/wsc2017\/?s={search_term_string}\"},\"query-input\":{\"@type\":\"PropertyValueSpecification\",\"valueRequired\":true,\"valueName\":\"search_term_string\"}}],\"inLanguage\":\"en-US\"}]}<\/script>\n<!-- \/ Yoast SEO Premium plugin. -->","yoast_head_json":{"title":"Keynotes - Winter Simulation Conference 2017","robots":{"index":"index","follow":"follow","max-snippet":"max-snippet:-1","max-image-preview":"max-image-preview:large","max-video-preview":"max-video-preview:-1"},"canonical":"https:\/\/meetings.informs.org\/wordpress\/wsc2017\/keynotes\/","og_locale":"en_US","og_type":"article","og_title":"Keynotes","og_description":"[vc_row][vc_column][vc_column_text] 50th Anniversary\u00a0Keynote: Barry L. Nelson [\/vc_column_text][vc_row_inner][vc_column_inner width=&#8221;1\/4&#8243;][vc_single_image image=&#8221;4331&#8243; alignment=&#8221;center&#8221;][\/vc_column_inner][vc_column_inner width=&#8221;3\/4&#8243;][vc_column_text]Walter P Murphy Professor, Department of Industrial Engineering &amp; Management Sciences Northwestern University[\/vc_column_text][\/vc_column_inner][\/vc_row_inner][vc_column_text] WSC 2067:\u00a0\u00a0 What Are The Chances? At the November 1967 &#8220;Conference on the Applications of Simulation Using GPSS&#8221; it seems unlikely that anyone was wondering if the conference would still be occupying [&hellip;]","og_url":"https:\/\/meetings.informs.org\/wordpress\/wsc2017\/keynotes\/","og_site_name":"Winter Simulation Conference 2017","article_modified_time":"2017-10-05T13:54:21+00:00","twitter_card":"summary_large_image","twitter_misc":{"Est. reading time":"6 minutes"},"schema":{"@context":"https:\/\/schema.org","@graph":[{"@type":"WebPage","@id":"https:\/\/meetings.informs.org\/wordpress\/wsc2017\/keynotes\/","url":"https:\/\/meetings.informs.org\/wordpress\/wsc2017\/keynotes\/","name":"Keynotes - Winter Simulation Conference 2017","isPartOf":{"@id":"https:\/\/meetings.informs.org\/wordpress\/wsc2017\/#website"},"datePublished":"2016-12-29T15:22:37+00:00","dateModified":"2017-10-05T13:54:21+00:00","breadcrumb":{"@id":"https:\/\/meetings.informs.org\/wordpress\/wsc2017\/keynotes\/#breadcrumb"},"inLanguage":"en-US","potentialAction":[{"@type":"ReadAction","target":["https:\/\/meetings.informs.org\/wordpress\/wsc2017\/keynotes\/"]}]},{"@type":"BreadcrumbList","@id":"https:\/\/meetings.informs.org\/wordpress\/wsc2017\/keynotes\/#breadcrumb","itemListElement":[{"@type":"ListItem","position":1,"name":"Home","item":"https:\/\/meetings.informs.org\/wordpress\/wsc2017\/"},{"@type":"ListItem","position":2,"name":"Keynotes"}]},{"@type":"WebSite","@id":"https:\/\/meetings.informs.org\/wordpress\/wsc2017\/#website","url":"https:\/\/meetings.informs.org\/wordpress\/wsc2017\/","name":"Winter Simulation Conference 2017","description":"WINTER SIMULATION CONFERENCE 2017","potentialAction":[{"@type":"SearchAction","target":{"@type":"EntryPoint","urlTemplate":"https:\/\/meetings.informs.org\/wordpress\/wsc2017\/?s={search_term_string}"},"query-input":{"@type":"PropertyValueSpecification","valueRequired":true,"valueName":"search_term_string"}}],"inLanguage":"en-US"}]}},"builder_content":"","_links":{"self":[{"href":"https:\/\/meetings.informs.org\/wordpress\/wsc2017\/wp-json\/wp\/v2\/pages\/4337","targetHints":{"allow":["GET"]}}],"collection":[{"href":"https:\/\/meetings.informs.org\/wordpress\/wsc2017\/wp-json\/wp\/v2\/pages"}],"about":[{"href":"https:\/\/meetings.informs.org\/wordpress\/wsc2017\/wp-json\/wp\/v2\/types\/page"}],"author":[{"embeddable":true,"href":"https:\/\/meetings.informs.org\/wordpress\/wsc2017\/wp-json\/wp\/v2\/users\/1001077"}],"replies":[{"embeddable":true,"href":"https:\/\/meetings.informs.org\/wordpress\/wsc2017\/wp-json\/wp\/v2\/comments?post=4337"}],"version-history":[{"count":14,"href":"https:\/\/meetings.informs.org\/wordpress\/wsc2017\/wp-json\/wp\/v2\/pages\/4337\/revisions"}],"predecessor-version":[{"id":4806,"href":"https:\/\/meetings.informs.org\/wordpress\/wsc2017\/wp-json\/wp\/v2\/pages\/4337\/revisions\/4806"}],"wp:attachment":[{"href":"https:\/\/meetings.informs.org\/wordpress\/wsc2017\/wp-json\/wp\/v2\/media?parent=4337"}],"curies":[{"name":"wp","href":"https:\/\/api.w.org\/{rel}","templated":true}]}}