{"id":4423,"date":"2017-01-18T15:45:01","date_gmt":"2017-01-18T15:45:01","guid":{"rendered":"https:\/\/meetings.informs.org\/wordpress\/meetings2-2\/?page_id=4423"},"modified":"2020-02-18T13:53:09","modified_gmt":"2020-02-18T13:53:09","slug":"masm","status":"publish","type":"page","link":"https:\/\/meetings.informs.org\/wordpress\/wsc2020\/masm\/","title":{"rendered":"Modeling and Analysis of Semiconductor Manufacturing"},"content":{"rendered":"<h2 style=\"text-align: center\">16th International Conference on Modeling and Analysis of Semiconductor Manufacturing (MASM) 2020<\/h2>\n<h5 style=\"text-align: center\">Orlando, Florida<br \/>December 13-16, 2020<\/h5>\n<h3 style=\"text-align: center\">MASM Keynote<\/h3>\n<p style=\"text-align: center\"><a href=\"https:\/\/meetings.informs.org\/wordpress\/wsc2020\/files\/2020\/02\/img_chenFu_chien.jpg\"><img loading=\"lazy\" decoding=\"async\" class=\"alignnone size-full wp-image-5994\" src=\"https:\/\/meetings.informs.org\/wordpress\/wsc2020\/files\/2020\/02\/img_chenFu_chien.jpg\" alt=\"\" width=\"275\" height=\"275\" \/><\/a><\/p>\n<p style=\"text-align: center\"><strong>Chen-Fu Chien, Ph.D.<br \/><\/strong><strong>Tsinghua Chair Professor &amp; Micron Chair Professor<br \/><\/strong><strong>Department of Industrial Engineering &amp; Engineering Management<br \/><\/strong><strong>National Tsing Hua University, Hsinchu 30013, Taiwan<\/strong><\/p>\n<p>The 2020 International Conference on Modeling and Analysis of Semiconductor Manufacturing (MASM) aims to again be a <strong>forum for the exchange of ideas and industrial innovations between researchers and practitioners from around the world involved in modeling and analysis of complex high-tech manufacturing systems.<\/strong> We are convinced of the worth and importance of the continuation of the MASM events held in Tempe, Arizona in 2000 and 2002, Singapore in 2005, Miami, Florida in 2008, Austin, Texas in 2009, Baltimore, Maryland in 2010, Phoenix, Arizona in 2011, Berlin, Germany in 2012, Washington, DC in 2013, Savannah, Georgia in 2014, Huntington Beach, California in 2015, Washington, DC in 2016, Las Vegas, Nevada in 2017, Gothenburg, Sweden in 2018, National Harbor, Maryland in 2019.<\/p>\n<p><strong>The MASM 2020 conference will be fully contained within the Winter Simulation Conference 2020 (WSC 2020), the leading conference in discrete-event simulation. <\/strong><em>However, MASM 2020 covers a much wider range of techniques and approaches than simulation (e.g. optimization, scheduling, queueing theory, process control, data analysis, machine learning).<\/em> WSC 2020 features a comprehensive program ranging from introductory tutorials to state-of-the-art research and practice. WSC 2020 will take place in Orlando, Florida. All attendees of the MASM conference will register for WSC 2020 at the same cost. All participants of WSC 2020 can attend MASM 2020 sessions.<\/p>\n<p><strong>We are looking for high-quality academic and applied research at all levels of semiconductor manufacturing.<\/strong><\/p>\n<ul>\n<li>At the equipment and process level, we would like to cover various aspects of Equipment Maintenance and Productivity, Quality and Advanced Process Control (Statistical Process Control, Fault Detection and Classification, Run To Run, Virtual Metrology, \u2026), but also how to handle and exploit the huge amount of data generated in semiconductor factories (big data). We are interested in having presen\u00adtations from leading semiconductor equipment manufacturers.<\/li>\n<li>At the shop-floor level, optimized WIP management, dispatching, scheduling and sampling of lots or qualification management of products on machines remain critical in particular when handling new complex constraints.<\/li>\n<li>At the factory level, it is important to develop efficient transportation and storage policies, production and capacity planning approaches, as well as cycle time improvements and time-to-market reductions.<\/li>\n<li>At the strategic level, demand planning, factory economics and cost modeling, new pro\u00adduct introduction, and supply chain efficiency are important topics to support the business.<\/li>\n<\/ul>\n<p>We invite participants to present on all topics related to modeling and analysis that will help address these challenges. We also welcome contributions that integrate decisions or information at different decision levels, which is becoming a must. These various goals will be attained through new advanced control and statistical methods, novel computing techniques, methods from artificial intelligence, and operations research methods. While the MASM conference is mostly focused on the current semiconductor industry state-of-the-art, neither presenters nor attendees need to be in the IC industry to participate. We are interested in methodologies, research and\/or applications from other related industries such as TFT-LCD, flexible displays, bio-chip, solid state lighting (LED), and photovoltaic (PV) that might also share or want to share common and new practices.<\/p>\n<p>Authors of high-quality submissions will have the opportunity to submit consi\u00adderably extended versions of their MASM contributions to IEEE Transactions on Semiconductor Manufacturing.<\/p>\n<p>The conference includes tutorials and related software demonstrations within the Winter Simulation Conference 2020. A broad range of papers is sought, including theoretical developments, applied research, and case studies. Interested individuals within academia, government agencies, equipment suppliers, manufacturers, students, contractors, and other interested parties are encouraged to participate.<\/p>\n<p>MASM 2020 will feature a keynote talk by Professor Chen-Fu Chien who is the Tsinghua Chair Professor &amp; Micron Chair Professor in the Department of Industrial Engineering &amp; Engineering Management at National Tsing Hua University in Taiwan.<\/p>\n<h4>Conference Organizers<\/h4>\n<p>John W. Fowler, Arizona State University, USA<br \/>Michael Hassoun, Ariel University, Israel<br \/>Lars M\u00f6nch, University of Hagen, Germany<\/p>\n<h4>International Program Committee (to be confirmed)<\/h4>\n<p>Jakey Blue, National Taiwan University, Taiwan<br \/>Chen-Fu Chien, National Tsing-Hua University, Taiwan<br \/>You-In Choung, SK Hynix, Republic of Korea<br \/>St\u00e9phane Dauz\u00e8re-P\u00e9r\u00e8s, Ecole des Mines de Saint-Etienne, France<br \/>Hans Ehm, Infineon, Germany<br \/>Ken Fordyce, Arkieva, USA<br \/>Cathal Heavey, University of Limerick, Republic of Ireland<br \/>Jesus Jimenez, Texas State University, USA<br \/>Myoungsoo (Andy) Ham, Liberty University, USA<br \/>Baris Kacar, SAS, USA<br \/>Adar Kalir, Intel, Israel<br \/>Hyun-Jung Kim, KAIST, Republic of Korea<br \/>Andreas Klemmt, Infineon, Germany<br \/>Tae-Eog Lee, KAIST, Republic of Korea<br \/>Peter Lendermann, D-SIMLAB, Singapore<br \/>John Milne, Clarkson University, USA<br \/>James Morrison, Central Michigan University, USA<br \/>Irfan Ovacik, Intel, USA<br \/>Detlef Pabst, Global Foundries, USA<br \/>Thomas Ponsignon, Infineon, Germany<br \/>Oliver Rose, Universit\u00e4t der Bunderwehr M\u00fcnchen, Germany<br \/>Ralf Sprenger, Infineon, Germany<br \/>Marcel Stehli, Global Foundries, Germany<br \/>Gian Antonio Susto, University of Padova, Italy<br \/>Reha Uzsoy, North Carolina State University, USA<br \/>Kan Wu, Nanyang Technological University, Singapore<br \/>Jei-Zheng Wu, Soochow University Taipei, Taiwan<br \/>Claude Yugma, Ecole de Mines de Saint-Etienne, France<\/p>\n<h2>Paper Submission<\/h2>\n<p>Please follow the WSC 2020 Author Kit to prepare your MASM 2020 paper at <a href=\"http:\/\/www.wintersim.org\">http:\/\/www.wintersim.org<\/a>.<\/p>\n<h4>Important Dates<\/h4>\n<p>Deadline for Paper Submission: April 3<\/p>\n<p>Notification of Acceptance: May 29<\/p>\n<p>Camera Ready Paper due: June 30<\/p>\n<h4>Conference Location<\/h4>\n<p>MASM 2020 will be held in Orlando, Florida December 8-11, 2020. The Orlando World Center Marriott is the host hotel for WSC 2020. Please check the web site <a href=\"http:\/\/www.wintersim.org\">http:\/\/www.wintersim.org<\/a> to get more information and reserve rooms at conference rates.<\/p>\n<p>Please visit the WSC 2020 website at <a href=\"http:\/\/www.wintersim.org\">www.wintersim.org<\/a> for updated information.<\/p>\n<!--themify_builder_content-->\n<div id=\"themify_builder_content-4423\" data-postid=\"4423\" class=\"themify_builder_content themify_builder_content-4423 themify_builder tf_clear\">\n    <\/div>\n<!--\/themify_builder_content-->","protected":false},"excerpt":{"rendered":"<p>16th International Conference on Modeling and Analysis of Semiconductor Manufacturing (MASM) 2020 Orlando, FloridaDecember 13-16, 2020 MASM Keynote Chen-Fu Chien, Ph.D.Tsinghua Chair Professor &amp; Micron Chair ProfessorDepartment of Industrial Engineering &amp; Engineering ManagementNational Tsing Hua University, Hsinchu 30013, Taiwan The 2020 International Conference on Modeling and Analysis of Semiconductor Manufacturing (MASM) aims to again be [&hellip;]<\/p>\n","protected":false},"author":1001065,"featured_media":0,"parent":0,"menu_order":0,"comment_status":"closed","ping_status":"closed","template":"","meta":{"_acf_changed":false,"content-type":"","footnotes":""},"class_list":["post-4423","page","type-page","status-publish","hentry","has-post-title","has-post-date","has-post-category","has-post-tag","has-post-comment","has-post-author",""],"acf":[],"yoast_head":"<!-- This site is optimized with the Yoast SEO Premium plugin v26.0 (Yoast SEO v26.0) - https:\/\/yoast.com\/wordpress\/plugins\/seo\/ -->\n<title>Modeling and Analysis of Semiconductor Manufacturing - Winter Simulation Conference 2020<\/title>\n<meta name=\"robots\" content=\"index, follow, max-snippet:-1, max-image-preview:large, max-video-preview:-1\" \/>\n<link rel=\"canonical\" href=\"https:\/\/meetings.informs.org\/wordpress\/wsc2020\/masm\/\" \/>\n<meta property=\"og:locale\" content=\"en_US\" \/>\n<meta property=\"og:type\" content=\"article\" \/>\n<meta property=\"og:title\" content=\"Modeling and Analysis of Semiconductor Manufacturing\" \/>\n<meta property=\"og:description\" content=\"16th International Conference on Modeling and Analysis of Semiconductor Manufacturing (MASM) 2020 Orlando, FloridaDecember 13-16, 2020 MASM Keynote Chen-Fu Chien, Ph.D.Tsinghua Chair Professor &amp; Micron Chair ProfessorDepartment of Industrial Engineering &amp; Engineering ManagementNational Tsing Hua University, Hsinchu 30013, Taiwan The 2020 International Conference on Modeling and Analysis of Semiconductor Manufacturing (MASM) aims to again be [&hellip;]\" \/>\n<meta property=\"og:url\" content=\"https:\/\/meetings.informs.org\/wordpress\/wsc2020\/masm\/\" \/>\n<meta property=\"og:site_name\" content=\"Winter Simulation Conference 2020\" \/>\n<meta property=\"article:modified_time\" content=\"2020-02-18T13:53:09+00:00\" \/>\n<meta property=\"og:image\" content=\"http:\/\/meetings2.informs.org\/wordpress\/wsc2020\/files\/2020\/02\/img_chenFu_chien.jpg\" \/>\n<meta name=\"twitter:card\" content=\"summary_large_image\" \/>\n<meta name=\"twitter:label1\" content=\"Est. reading time\" \/>\n\t<meta name=\"twitter:data1\" content=\"4 minutes\" \/>\n<script type=\"application\/ld+json\" class=\"yoast-schema-graph\">{\"@context\":\"https:\/\/schema.org\",\"@graph\":[{\"@type\":\"WebPage\",\"@id\":\"https:\/\/meetings.informs.org\/wordpress\/wsc2020\/masm\/\",\"url\":\"https:\/\/meetings.informs.org\/wordpress\/wsc2020\/masm\/\",\"name\":\"Modeling and Analysis of Semiconductor Manufacturing - Winter Simulation Conference 2020\",\"isPartOf\":{\"@id\":\"https:\/\/meetings.informs.org\/wordpress\/wsc2020\/#website\"},\"primaryImageOfPage\":{\"@id\":\"https:\/\/meetings.informs.org\/wordpress\/wsc2020\/masm\/#primaryimage\"},\"image\":{\"@id\":\"https:\/\/meetings.informs.org\/wordpress\/wsc2020\/masm\/#primaryimage\"},\"thumbnailUrl\":\"https:\/\/meetings.informs.org\/wordpress\/wsc2020\/files\/2020\/02\/img_chenFu_chien.jpg\",\"datePublished\":\"2017-01-18T15:45:01+00:00\",\"dateModified\":\"2020-02-18T13:53:09+00:00\",\"breadcrumb\":{\"@id\":\"https:\/\/meetings.informs.org\/wordpress\/wsc2020\/masm\/#breadcrumb\"},\"inLanguage\":\"en-US\",\"potentialAction\":[{\"@type\":\"ReadAction\",\"target\":[\"https:\/\/meetings.informs.org\/wordpress\/wsc2020\/masm\/\"]}]},{\"@type\":\"ImageObject\",\"inLanguage\":\"en-US\",\"@id\":\"https:\/\/meetings.informs.org\/wordpress\/wsc2020\/masm\/#primaryimage\",\"url\":\"https:\/\/meetings.informs.org\/wordpress\/wsc2020\/files\/2020\/02\/img_chenFu_chien.jpg\",\"contentUrl\":\"https:\/\/meetings.informs.org\/wordpress\/wsc2020\/files\/2020\/02\/img_chenFu_chien.jpg\",\"width\":275,\"height\":275},{\"@type\":\"BreadcrumbList\",\"@id\":\"https:\/\/meetings.informs.org\/wordpress\/wsc2020\/masm\/#breadcrumb\",\"itemListElement\":[{\"@type\":\"ListItem\",\"position\":1,\"name\":\"Home\",\"item\":\"https:\/\/meetings.informs.org\/wordpress\/wsc2020\/\"},{\"@type\":\"ListItem\",\"position\":2,\"name\":\"Modeling and Analysis of Semiconductor Manufacturing\"}]},{\"@type\":\"WebSite\",\"@id\":\"https:\/\/meetings.informs.org\/wordpress\/wsc2020\/#website\",\"url\":\"https:\/\/meetings.informs.org\/wordpress\/wsc2020\/\",\"name\":\"Winter Simulation Conference 2020\",\"description\":\"WINTER SIMULATION CONFERENCE 2019\",\"potentialAction\":[{\"@type\":\"SearchAction\",\"target\":{\"@type\":\"EntryPoint\",\"urlTemplate\":\"https:\/\/meetings.informs.org\/wordpress\/wsc2020\/?s={search_term_string}\"},\"query-input\":{\"@type\":\"PropertyValueSpecification\",\"valueRequired\":true,\"valueName\":\"search_term_string\"}}],\"inLanguage\":\"en-US\"}]}<\/script>\n<!-- \/ Yoast SEO Premium plugin. -->","yoast_head_json":{"title":"Modeling and Analysis of Semiconductor Manufacturing - Winter Simulation Conference 2020","robots":{"index":"index","follow":"follow","max-snippet":"max-snippet:-1","max-image-preview":"max-image-preview:large","max-video-preview":"max-video-preview:-1"},"canonical":"https:\/\/meetings.informs.org\/wordpress\/wsc2020\/masm\/","og_locale":"en_US","og_type":"article","og_title":"Modeling and Analysis of Semiconductor Manufacturing","og_description":"16th International Conference on Modeling and Analysis of Semiconductor Manufacturing (MASM) 2020 Orlando, FloridaDecember 13-16, 2020 MASM Keynote Chen-Fu Chien, Ph.D.Tsinghua Chair Professor &amp; Micron Chair ProfessorDepartment of Industrial Engineering &amp; Engineering ManagementNational Tsing Hua University, Hsinchu 30013, Taiwan The 2020 International Conference on Modeling and Analysis of Semiconductor Manufacturing (MASM) aims to again be [&hellip;]","og_url":"https:\/\/meetings.informs.org\/wordpress\/wsc2020\/masm\/","og_site_name":"Winter Simulation Conference 2020","article_modified_time":"2020-02-18T13:53:09+00:00","og_image":[{"url":"http:\/\/meetings2.informs.org\/wordpress\/wsc2020\/files\/2020\/02\/img_chenFu_chien.jpg","type":"","width":"","height":""}],"twitter_card":"summary_large_image","twitter_misc":{"Est. reading time":"4 minutes"},"schema":{"@context":"https:\/\/schema.org","@graph":[{"@type":"WebPage","@id":"https:\/\/meetings.informs.org\/wordpress\/wsc2020\/masm\/","url":"https:\/\/meetings.informs.org\/wordpress\/wsc2020\/masm\/","name":"Modeling and Analysis of Semiconductor Manufacturing - Winter Simulation Conference 2020","isPartOf":{"@id":"https:\/\/meetings.informs.org\/wordpress\/wsc2020\/#website"},"primaryImageOfPage":{"@id":"https:\/\/meetings.informs.org\/wordpress\/wsc2020\/masm\/#primaryimage"},"image":{"@id":"https:\/\/meetings.informs.org\/wordpress\/wsc2020\/masm\/#primaryimage"},"thumbnailUrl":"https:\/\/meetings.informs.org\/wordpress\/wsc2020\/files\/2020\/02\/img_chenFu_chien.jpg","datePublished":"2017-01-18T15:45:01+00:00","dateModified":"2020-02-18T13:53:09+00:00","breadcrumb":{"@id":"https:\/\/meetings.informs.org\/wordpress\/wsc2020\/masm\/#breadcrumb"},"inLanguage":"en-US","potentialAction":[{"@type":"ReadAction","target":["https:\/\/meetings.informs.org\/wordpress\/wsc2020\/masm\/"]}]},{"@type":"ImageObject","inLanguage":"en-US","@id":"https:\/\/meetings.informs.org\/wordpress\/wsc2020\/masm\/#primaryimage","url":"https:\/\/meetings.informs.org\/wordpress\/wsc2020\/files\/2020\/02\/img_chenFu_chien.jpg","contentUrl":"https:\/\/meetings.informs.org\/wordpress\/wsc2020\/files\/2020\/02\/img_chenFu_chien.jpg","width":275,"height":275},{"@type":"BreadcrumbList","@id":"https:\/\/meetings.informs.org\/wordpress\/wsc2020\/masm\/#breadcrumb","itemListElement":[{"@type":"ListItem","position":1,"name":"Home","item":"https:\/\/meetings.informs.org\/wordpress\/wsc2020\/"},{"@type":"ListItem","position":2,"name":"Modeling and Analysis of Semiconductor Manufacturing"}]},{"@type":"WebSite","@id":"https:\/\/meetings.informs.org\/wordpress\/wsc2020\/#website","url":"https:\/\/meetings.informs.org\/wordpress\/wsc2020\/","name":"Winter Simulation Conference 2020","description":"WINTER SIMULATION CONFERENCE 2019","potentialAction":[{"@type":"SearchAction","target":{"@type":"EntryPoint","urlTemplate":"https:\/\/meetings.informs.org\/wordpress\/wsc2020\/?s={search_term_string}"},"query-input":{"@type":"PropertyValueSpecification","valueRequired":true,"valueName":"search_term_string"}}],"inLanguage":"en-US"}]}},"builder_content":"","_links":{"self":[{"href":"https:\/\/meetings.informs.org\/wordpress\/wsc2020\/wp-json\/wp\/v2\/pages\/4423","targetHints":{"allow":["GET"]}}],"collection":[{"href":"https:\/\/meetings.informs.org\/wordpress\/wsc2020\/wp-json\/wp\/v2\/pages"}],"about":[{"href":"https:\/\/meetings.informs.org\/wordpress\/wsc2020\/wp-json\/wp\/v2\/types\/page"}],"author":[{"embeddable":true,"href":"https:\/\/meetings.informs.org\/wordpress\/wsc2020\/wp-json\/wp\/v2\/users\/1001065"}],"replies":[{"embeddable":true,"href":"https:\/\/meetings.informs.org\/wordpress\/wsc2020\/wp-json\/wp\/v2\/comments?post=4423"}],"version-history":[{"count":28,"href":"https:\/\/meetings.informs.org\/wordpress\/wsc2020\/wp-json\/wp\/v2\/pages\/4423\/revisions"}],"predecessor-version":[{"id":6036,"href":"https:\/\/meetings.informs.org\/wordpress\/wsc2020\/wp-json\/wp\/v2\/pages\/4423\/revisions\/6036"}],"wp:attachment":[{"href":"https:\/\/meetings.informs.org\/wordpress\/wsc2020\/wp-json\/wp\/v2\/media?parent=4423"}],"curies":[{"name":"wp","href":"https:\/\/api.w.org\/{rel}","templated":true}]}}