{"id":4362,"date":"2016-12-29T19:25:44","date_gmt":"2016-12-29T19:25:44","guid":{"rendered":"https:\/\/meetings.informs.org\/wordpress\/meetings2-2\/?page_id=4362"},"modified":"2025-02-11T19:36:45","modified_gmt":"2025-02-11T19:36:45","slug":"organizing-committee","status":"publish","type":"page","link":"https:\/\/meetings.informs.org\/wordpress\/wsc2025\/organizing-committee\/","title":{"rendered":"Organizing Committee"},"content":{"rendered":"<!--themify_builder_content-->\n<div id=\"themify_builder_content-4362\" data-postid=\"4362\" class=\"themify_builder_content themify_builder_content-4362 themify_builder tf_clear\">\n                    <div  data-lazy=\"1\" class=\"module_row themify_builder_row tb_505c31a tb_first tf_w\">\n                        <div class=\"row_inner col_align_top tb_col_count_1 tf_box tf_rel\">\n                        <div  data-lazy=\"1\" class=\"module_column tb-column col-full tb_571c7aa first\">\n                    <!-- module text -->\n<div  class=\"module module-text tb_0186a3d   \" data-lazy=\"1\">\n        <div  class=\"tb_text_wrap\">\n        <table width=\"100%\">\n<tbody>\n<tr>\n<td width=\"25%\"><b>General Chair<\/b><\/td>\n<td width=\"75%\">Simon J.E. Taylor, Brunel University of London<\/td>\n<\/tr>\n<tr>\n<td><b>Program Co-Chair<\/b><\/td>\n<td>Anastasia Anagnostou, Brunel University of London<\/td>\n<\/tr>\n<tr>\n<td><strong>Business Chair<\/strong><\/td>\n<td>Theresa Roeder, San Francisco State University<\/td>\n<\/tr>\n<tr>\n<td><b>Board Liaison<br \/><\/b><\/td>\n<td>Charles M. Macal, Argonne National Laboratory<\/td>\n<\/tr>\n<\/tbody>\n<\/table>    <\/div>\n<\/div>\n<!-- \/module text -->        <\/div>\n                        <\/div>\n        <\/div>\n                        <div  data-lazy=\"1\" class=\"module_row themify_builder_row tb_a8c2067 tf_w\">\n                        <div class=\"row_inner col_align_top tb_col_count_1 tf_box tf_rel\">\n                        <div  data-lazy=\"1\" class=\"module_column tb-column col-full tb_57e0c96 first\">\n                    <!-- module text -->\n<div  class=\"module module-text tb_f48cb31   \" data-lazy=\"1\">\n        <div  class=\"tb_text_wrap\">\n        <p><strong>Proceedings Editors<br><\/strong>Elie Azar, Carleton University<br>Anatoli Djanatliev, University of Applied Sciences Ingolstadt<br>Alison Harper, University of Exeter<br>Christoph Kogler, BOKU &#8211; University of Natural Resources and Life Sciences<br>Varun Ramamohan, Indian Institute of Technology<br><br><\/p>    <\/div>\n<\/div>\n<!-- \/module text --><!-- module text -->\n<div  class=\"module module-text tb_47sd679   \" data-lazy=\"1\">\n        <div  class=\"tb_text_wrap\">\n        <p><strong>Publicity Co-chairs<br><\/strong>Steffen Strassburger, Technische Universit\u00e4t Ilmenau<br>Claudia Szabo, The University of Adelaide<br>Cristina Ruiz Martin, Carleton University<br>Jos\u00e9 Arnaldo Barra Montevechi, Federal University of Itajub\u00e1<br>Peng Yijie, Peking University<br>Aya Ahmed, Brunel University of London<br>Julianne Sansa-Otim, Makerere University<\/p>    <\/div>\n<\/div>\n<!-- \/module text -->        <\/div>\n                        <\/div>\n        <\/div>\n                        <div  data-lazy=\"1\" class=\"module_row themify_builder_row tb_0247eff tf_w\">\n                        <div class=\"row_inner col_align_top tb_col_count_1 tf_box tf_rel\">\n                        <div  data-lazy=\"1\" class=\"module_column tb-column col-full tb_cc5b964 first\">\n                            <div  data-lazy=\"1\" class=\"module_subrow themify_builder_sub_row tf_w col_align_top tb_col_count_3 tb_736537d\">\n                <div  data-lazy=\"1\" class=\"module_column sub_column col3-1 tb_856d1e6 first\">\n                    <!-- module text -->\n<div  class=\"module module-text tb_a26c060   \" data-lazy=\"1\">\n        <div  class=\"tb_text_wrap\">\n        <p><strong>Registration Co-chairs<br \/><\/strong>Canan Gunes Corlu, Boston University<br \/>Ben Feng, University of Waterloo<\/p>    <\/div>\n<\/div>\n<!-- \/module text -->        <\/div>\n                    <div  data-lazy=\"1\" class=\"module_column sub_column col3-1 tb_baa3d1c\">\n                    <!-- module text -->\n<div  class=\"module module-text tb_u61y306   \" data-lazy=\"1\">\n        <div  class=\"tb_text_wrap\">\n        <p><strong>Exhibit &amp; Sponsorship Co-chairs<\/strong><br>Amy Brown Greer, MOSIMTEC LLC<br>Nathan Ivey, Rockwell Automation<\/p>\n<p>\u00a0<\/p>    <\/div>\n<\/div>\n<!-- \/module text -->        <\/div>\n                    <div  data-lazy=\"1\" class=\"module_column sub_column col3-1 tb_a32c395 last\">\n                    <!-- module text -->\n<div  class=\"module module-text tb_fc13233   \" data-lazy=\"1\">\n        <div  class=\"tb_text_wrap\">\n        <p><strong>Diversity &amp; Inclusion Chair<br \/><\/strong>Navonil Mustafee, University of Exeter<\/p>    <\/div>\n<\/div>\n<!-- \/module text --><!-- module text -->\n<div  class=\"module module-text tb_bc07387   \" data-lazy=\"1\">\n        <div  class=\"tb_text_wrap\">\n            <\/div>\n<\/div>\n<!-- \/module text -->        <\/div>\n                    <\/div>\n                <div  data-lazy=\"1\" class=\"module_subrow themify_builder_sub_row tf_w col_align_top tb_col_count_3 tb_9110204\">\n                <div  data-lazy=\"1\" class=\"module_column sub_column col3-1 tb_f42984c first\">\n                    <!-- module text -->\n<div  class=\"module module-text tb_l879390   \" data-lazy=\"1\">\n        <div  class=\"tb_text_wrap\">\n        <p><strong>Simulation Challenge 2025 Co-chairs<\/strong><br \/><span style=\"font-weight: 400;\">Haobin Li, National University of Singapore<br \/>Martino Luis, University of Exeter<\/span><\/p>    <\/div>\n<\/div>\n<!-- \/module text --><!-- module text -->\n<div  class=\"module module-text tb_88z0293   \" data-lazy=\"1\">\n        <div  class=\"tb_text_wrap\">\n        <p><strong>Simulation Exploration Experience Challenge Chair<br \/><\/strong>Maziar Ghorbani, Brunel University of London<\/p>    <\/div>\n<\/div>\n<!-- \/module text -->        <\/div>\n                    <div  data-lazy=\"1\" class=\"module_column sub_column col3-1 tb_91a44bd\">\n                    <!-- module text -->\n<div  class=\"module module-text tb_po2z486   \" data-lazy=\"1\">\n        <div  class=\"tb_text_wrap\">\n        <p><strong>Local Chair<\/strong><br \/>Caroline Krejci, The University of Texas at Arlington<\/p>    <\/div>\n<\/div>\n<!-- \/module text -->        <\/div>\n                    <div  data-lazy=\"1\" class=\"module_column sub_column col3-1 tb_3fvo146 last\">\n                    <!-- module text -->\n<div  class=\"module module-text tb_fpnn826   \" data-lazy=\"1\">\n        <div  class=\"tb_text_wrap\">\n        <p><b>Mobile App Chair<br \/><\/b><span style=\"font-weight: 400;\">Michael Kuhl, Rochester Institute of Technology<\/span><\/p>    <\/div>\n<\/div>\n<!-- \/module text -->        <\/div>\n                    <\/div>\n                <\/div>\n                        <\/div>\n        <\/div>\n        <\/div>\n<!--\/themify_builder_content-->","protected":false},"excerpt":{"rendered":"<p>General Chair Simon J.E. Taylor, Brunel University of London Program Co-Chair Anastasia Anagnostou, Brunel University of London Business Chair Theresa Roeder, San Francisco State University Board Liaison Charles M. Macal, Argonne National Laboratory Proceedings EditorsElie Azar, Carleton UniversityAnatoli Djanatliev, University of Applied Sciences IngolstadtAlison Harper, University of ExeterChristoph Kogler, BOKU &#8211; University of Natural Resources [&hellip;]<\/p>\n","protected":false},"author":1001077,"featured_media":0,"parent":0,"menu_order":0,"comment_status":"closed","ping_status":"closed","template":"","meta":{"_acf_changed":false,"content-type":"","footnotes":""},"class_list":["post-4362","page","type-page","status-publish","hentry","has-post-title","has-post-date","has-post-category","has-post-tag","has-post-comment","has-post-author",""],"acf":[],"yoast_head":"<!-- This site is optimized with the Yoast SEO Premium plugin v26.0 (Yoast SEO v26.0) - https:\/\/yoast.com\/wordpress\/plugins\/seo\/ -->\n<title>Organizing Committee - Winter Simulation Conference 2025<\/title>\n<meta name=\"description\" content=\"The hard-working individuals who make sure WSC 2025 happens - their names, affiliations, and how they&#039;ve affected the conference.\" \/>\n<meta name=\"robots\" content=\"index, follow, max-snippet:-1, max-image-preview:large, max-video-preview:-1\" \/>\n<link rel=\"canonical\" href=\"https:\/\/meetings.informs.org\/wordpress\/wsc2025\/organizing-committee\/\" \/>\n<meta property=\"og:locale\" content=\"en_US\" \/>\n<meta property=\"og:type\" content=\"article\" \/>\n<meta property=\"og:title\" content=\"Organizing Committee\" \/>\n<meta property=\"og:description\" content=\"The hard-working individuals who make sure WSC 2025 happens - their names, affiliations, and how they&#039;ve affected the conference.\" \/>\n<meta property=\"og:url\" content=\"https:\/\/meetings.informs.org\/wordpress\/wsc2025\/organizing-committee\/\" \/>\n<meta property=\"og:site_name\" content=\"Winter Simulation Conference 2025\" \/>\n<meta property=\"article:modified_time\" content=\"2025-02-11T19:36:45+00:00\" \/>\n<meta property=\"og:image\" content=\"https:\/\/meetings.informs.org\/wordpress\/wsc2025\/files\/2024\/12\/RGB_WSC_2025_Logo-1.png\" \/>\n\t<meta property=\"og:image:width\" content=\"344\" \/>\n\t<meta property=\"og:image:height\" content=\"346\" \/>\n\t<meta property=\"og:image:type\" content=\"image\/png\" \/>\n<meta name=\"twitter:card\" content=\"summary_large_image\" \/>\n<script type=\"application\/ld+json\" class=\"yoast-schema-graph\">{\"@context\":\"https:\/\/schema.org\",\"@graph\":[{\"@type\":\"WebPage\",\"@id\":\"https:\/\/meetings.informs.org\/wordpress\/wsc2025\/organizing-committee\/\",\"url\":\"https:\/\/meetings.informs.org\/wordpress\/wsc2025\/organizing-committee\/\",\"name\":\"Organizing Committee - Winter Simulation Conference 2025\",\"isPartOf\":{\"@id\":\"https:\/\/meetings.informs.org\/wordpress\/wsc2025\/#website\"},\"datePublished\":\"2016-12-29T19:25:44+00:00\",\"dateModified\":\"2025-02-11T19:36:45+00:00\",\"description\":\"The hard-working individuals who make sure WSC 2025 happens - their names, affiliations, and how they've affected the conference.\",\"breadcrumb\":{\"@id\":\"https:\/\/meetings.informs.org\/wordpress\/wsc2025\/organizing-committee\/#breadcrumb\"},\"inLanguage\":\"en-US\",\"potentialAction\":[{\"@type\":\"ReadAction\",\"target\":[\"https:\/\/meetings.informs.org\/wordpress\/wsc2025\/organizing-committee\/\"]}]},{\"@type\":\"BreadcrumbList\",\"@id\":\"https:\/\/meetings.informs.org\/wordpress\/wsc2025\/organizing-committee\/#breadcrumb\",\"itemListElement\":[{\"@type\":\"ListItem\",\"position\":1,\"name\":\"Home\",\"item\":\"https:\/\/meetings.informs.org\/wordpress\/wsc2025\/\"},{\"@type\":\"ListItem\",\"position\":2,\"name\":\"Organizing Committee\"}]},{\"@type\":\"WebSite\",\"@id\":\"https:\/\/meetings.informs.org\/wordpress\/wsc2025\/#website\",\"url\":\"https:\/\/meetings.informs.org\/wordpress\/wsc2025\/\",\"name\":\"Winter Simulation Conference 2025\",\"description\":\"Winter Simulation Conference 2025\",\"potentialAction\":[{\"@type\":\"SearchAction\",\"target\":{\"@type\":\"EntryPoint\",\"urlTemplate\":\"https:\/\/meetings.informs.org\/wordpress\/wsc2025\/?s={search_term_string}\"},\"query-input\":{\"@type\":\"PropertyValueSpecification\",\"valueRequired\":true,\"valueName\":\"search_term_string\"}}],\"inLanguage\":\"en-US\"}]}<\/script>\n<!-- \/ Yoast SEO Premium plugin. -->","yoast_head_json":{"title":"Organizing Committee - Winter Simulation Conference 2025","description":"The hard-working individuals who make sure WSC 2025 happens - their names, affiliations, and how they've affected the conference.","robots":{"index":"index","follow":"follow","max-snippet":"max-snippet:-1","max-image-preview":"max-image-preview:large","max-video-preview":"max-video-preview:-1"},"canonical":"https:\/\/meetings.informs.org\/wordpress\/wsc2025\/organizing-committee\/","og_locale":"en_US","og_type":"article","og_title":"Organizing Committee","og_description":"The hard-working individuals who make sure WSC 2025 happens - their names, affiliations, and how they've affected the conference.","og_url":"https:\/\/meetings.informs.org\/wordpress\/wsc2025\/organizing-committee\/","og_site_name":"Winter Simulation Conference 2025","article_modified_time":"2025-02-11T19:36:45+00:00","og_image":[{"width":344,"height":346,"url":"https:\/\/meetings.informs.org\/wordpress\/wsc2025\/files\/2024\/12\/RGB_WSC_2025_Logo-1.png","type":"image\/png"}],"twitter_card":"summary_large_image","schema":{"@context":"https:\/\/schema.org","@graph":[{"@type":"WebPage","@id":"https:\/\/meetings.informs.org\/wordpress\/wsc2025\/organizing-committee\/","url":"https:\/\/meetings.informs.org\/wordpress\/wsc2025\/organizing-committee\/","name":"Organizing Committee - Winter Simulation Conference 2025","isPartOf":{"@id":"https:\/\/meetings.informs.org\/wordpress\/wsc2025\/#website"},"datePublished":"2016-12-29T19:25:44+00:00","dateModified":"2025-02-11T19:36:45+00:00","description":"The hard-working individuals who make sure WSC 2025 happens - their names, affiliations, and how they've affected the conference.","breadcrumb":{"@id":"https:\/\/meetings.informs.org\/wordpress\/wsc2025\/organizing-committee\/#breadcrumb"},"inLanguage":"en-US","potentialAction":[{"@type":"ReadAction","target":["https:\/\/meetings.informs.org\/wordpress\/wsc2025\/organizing-committee\/"]}]},{"@type":"BreadcrumbList","@id":"https:\/\/meetings.informs.org\/wordpress\/wsc2025\/organizing-committee\/#breadcrumb","itemListElement":[{"@type":"ListItem","position":1,"name":"Home","item":"https:\/\/meetings.informs.org\/wordpress\/wsc2025\/"},{"@type":"ListItem","position":2,"name":"Organizing Committee"}]},{"@type":"WebSite","@id":"https:\/\/meetings.informs.org\/wordpress\/wsc2025\/#website","url":"https:\/\/meetings.informs.org\/wordpress\/wsc2025\/","name":"Winter Simulation Conference 2025","description":"Winter Simulation Conference 2025","potentialAction":[{"@type":"SearchAction","target":{"@type":"EntryPoint","urlTemplate":"https:\/\/meetings.informs.org\/wordpress\/wsc2025\/?s={search_term_string}"},"query-input":{"@type":"PropertyValueSpecification","valueRequired":true,"valueName":"search_term_string"}}],"inLanguage":"en-US"}]}},"builder_content":"<table width=\"100%\"> <tbody> <tr> <td width=\"25%\"><b>General Chair<\/b><\/td> <td width=\"75%\">Simon J.E. Taylor, Brunel University of London<\/td> <\/tr> <tr> <td><b>Program Co-Chair<\/b><\/td> <td>Anastasia Anagnostou, Brunel University of London<\/td> <\/tr> <tr> <td><strong>Business Chair<\/strong><\/td> <td>Theresa Roeder, San Francisco State University<\/td> <\/tr> <tr> <td><b>Board Liaison<br \/><\/b><\/td> <td>Charles M. Macal, Argonne National Laboratory<\/td> <\/tr> <\/tbody> <\/table>\n<p><strong>Proceedings Editors<br><\/strong>Elie Azar, Carleton University<br>Anatoli Djanatliev, University of Applied Sciences Ingolstadt<br>Alison Harper, University of Exeter<br>Christoph Kogler, BOKU - University of Natural Resources and Life Sciences<br>Varun Ramamohan, Indian Institute of Technology<br><br><\/p>\n<p><strong>Publicity Co-chairs<br><\/strong>Steffen Strassburger, Technische Universit\u00e4t Ilmenau<br>Claudia Szabo, The University of Adelaide<br>Cristina Ruiz Martin, Carleton University<br>Jos\u00e9 Arnaldo Barra Montevechi, Federal University of Itajub\u00e1<br>Peng Yijie, Peking University<br>Aya Ahmed, Brunel University of London<br>Julianne Sansa-Otim, Makerere University<\/p>\n<p><strong>Registration Co-chairs<br \/><\/strong>Canan Gunes Corlu, Boston University<br \/>Ben Feng, University of Waterloo<\/p>\n<p><strong>Exhibit &amp; Sponsorship Co-chairs<\/strong><br>Amy Brown Greer, MOSIMTEC LLC<br>Nathan Ivey, Rockwell Automation<\/p> <p>\u00a0<\/p>\n<p><strong>Diversity &amp; Inclusion Chair<br \/><\/strong>Navonil Mustafee, University of Exeter<\/p>\n\n<p><strong>Simulation Challenge 2025 Co-chairs<\/strong><br \/>Haobin Li, National University of Singapore<br \/>Martino Luis, University of Exeter<\/p>\n<p><strong>Simulation Exploration Experience Challenge Chair<br \/><\/strong>Maziar Ghorbani, Brunel University of London<\/p>\n<p><strong>Local Chair<\/strong><br \/>Caroline Krejci, The University of Texas at Arlington<\/p>\n<p><b>Mobile App Chair<br \/><\/b>Michael Kuhl, Rochester Institute of Technology<\/p>\n\n<p><strong>Advanced Tutorials<br \/><\/strong>Wai Kin (Victor) Chan, Tsinghua-Berkeley Shenzhen Institute<br \/>Hong Wan, North Caroline State University<\/p> <p><strong>Agent-Based Simulation<br \/><\/strong>Stephen Onggo, University of Southampton<br \/>Chris J. Kuhlman, University of Virginia<\/p> <p><strong>Analysis Methodology<br \/><\/strong>Demet Batur, University of Nebraska Lincoln<br \/>Wei Xie, Northeastern University<\/p> <p><strong>Aviation Modeling &amp; Analysis<br \/><\/strong>Miguel Mujica Mota, Amsterdam University of Applied Sciences<br \/>John Shortle, George Mason University<\/p> <p><strong>Commercial Case Studies<br \/><\/strong>David Sturrock, Simio LLC<br \/>Martin M. Franklin, MOSIMTEC LLC<\/p> <p><strong>Complex, Intelligent, Adaptive and Autonomous Systems (CIAAS)<br \/><\/strong>Claudia Szabo, The University of Adelaide<br \/>Saurabh Mittal, MITRE Corporation<\/p> <p><strong>Covid-19 Modeling the Curve<\/strong><br \/>Katy Smith, Emory Healthcare<\/p> <p><strong>Data Farming<br \/><\/strong>Susan Sanchez, Naval Postgraduate School<\/p> <p><strong>Data Science for Simulation<br \/><\/strong>Abdolreza Abhari, Ryerson University<br \/>Hamdi Kavak, George Mason University<\/p> <p><strong>Environmental and Sustainability\u00a0Applications<br \/><\/strong>Seong-Hee Kim, Georgia Institute of Technology<br \/>Elie Azar, Khalifa University<\/p> <p><strong>Gaming\u00a0and Participatory Methods<br \/><\/strong>Sebastiaan Meijer, KTH Royal Institute of Technology, Department of Biomedical Engineering and Health Systems<br \/>Jayanth Raghothama, KTH Royal Institute of Technology, Department of Biomedical Engineering and Health Systems<\/p> <p><strong>Healthcare Applications<br \/><\/strong>Maria Mayorga, North Carolina State University<br \/>Christine Currie, University of Southampton<br \/>Masoud Fakhimi, University of Surrey<\/p> <p><strong>Hybrid Simulation<br \/><\/strong>Antuela Tako, Loughborough University<br \/>David Bell, Brunel University<\/p> <p><strong>Introductory Tutorials<br \/><\/strong>Anastasia Anagnostou, Brunel University<br \/>Giulia Pedrielli, Arizona State University<\/p> <p><strong>Logistics,\u00a0Supply Chain Management,\u00a0Transportation<br \/><\/strong>David Goldsman, Georgia Institute of Technology<br \/>Markus Rabe, Technische Universit\u00e4t Dortmund, Germany<\/p> <p><strong>Manufacturing Applications<br \/><\/strong>Guodong Shao, U.S. National Institute of Standards and Technology<br \/>Christophe Laroque, WH Zwickau, Germany<\/p>\n<p><strong>MASM: Semiconductor Manufacturing<br><\/strong>John <strong>Fowler,<\/strong> Arizona State<br>Lars <strong>M\u00f6nch<\/strong>, University of Hagen, Germany<br>Michael <strong>Hassoun,<\/strong> Ariel University<\/p> <p><strong>Military Applications and Homeland Security<br><\/strong>Nathan <strong>Bastian<\/strong>, Joint Artificial Intelligence Center, U.S. Department of Defense<br>Andy H<strong>all<\/strong>, Marymount University<\/p> <p><strong>Modeling Methodology<br><\/strong>Gabriel Wainer, Carlton University, Canada<br>Rodrigo Castro, Universidad de Buenos Aires<\/p> <p><strong>Model Uncertainty and Robust Simulation<br><\/strong>Enlu Zhou, Georgia Institute of Technology<br>Canan Gunes Corlu, Metropolitan College, Boston University<\/p> <p><strong>PhD Colloquium<\/strong><br>Jose Padilla, Old Dominion University<br>Weiwei Chen, Rutgers University<br>Chang-Han Rhee, Northwestern University<br>Anatoli Djanatliev, Friedrich-Alexander-Universit\u00e4t Erlangen-N\u00fcrnberg<\/p> <p><strong>Poster Session<br><\/strong>Cristina Ruiz Mart\u00cdn, Universidad de Valladolid\/Carleton University<br>Maria Julia Blas, Instituto de Desarrollo y Dise\u00f1o INGAR (CONICET-UTN)<\/p> <p><strong>Project Management and\u00a0Construction<br><\/strong>Joseph Louis, Oregon State University<br>Eric Du, University of Florida<\/p> <p><strong>Scientific Applications<br><\/strong>Esteban Mocskos, University Buenos Aires<br>Sergio Nesmachnow,\u00a0 University of the Republic, Uruguay<\/p> <p><strong>Simulation Education<br><\/strong>Jim Leathrum, Old Dominion University<br>Saikou Diallo, Old Dominion University<\/p> <p><strong>Simulation for Global Changes<\/strong><br>Stewart Robinson, Loughborough University<br>David Goldsman, Georgia Institute of Technology<\/p> <p><strong>Simulation in Industry 4.0<\/strong><br>Andrea Matta, Politecnico di Milano<br>Young Jae Jang, Korea Advanced Institute of Science &amp; Technology<\/p> <p><strong>Simulation Optimization<br><\/strong>Peter Salemi, MITRE Corporation<br>Susan Hunter, Purdue University<\/p> <p><strong>Using Simulation to Innovate<br><\/strong>Loo Hay Lee, National University of Singapore<br>Simon Taylor, Brunel University<\/p> <p><strong>Vendor<br><\/strong>Edward J. Williams, PMC<br>Miguel Mujica Mota, Amsterdam University of Applied Sciences<\/p>","_links":{"self":[{"href":"https:\/\/meetings.informs.org\/wordpress\/wsc2025\/wp-json\/wp\/v2\/pages\/4362","targetHints":{"allow":["GET"]}}],"collection":[{"href":"https:\/\/meetings.informs.org\/wordpress\/wsc2025\/wp-json\/wp\/v2\/pages"}],"about":[{"href":"https:\/\/meetings.informs.org\/wordpress\/wsc2025\/wp-json\/wp\/v2\/types\/page"}],"author":[{"embeddable":true,"href":"https:\/\/meetings.informs.org\/wordpress\/wsc2025\/wp-json\/wp\/v2\/users\/1001077"}],"replies":[{"embeddable":true,"href":"https:\/\/meetings.informs.org\/wordpress\/wsc2025\/wp-json\/wp\/v2\/comments?post=4362"}],"version-history":[{"count":93,"href":"https:\/\/meetings.informs.org\/wordpress\/wsc2025\/wp-json\/wp\/v2\/pages\/4362\/revisions"}],"predecessor-version":[{"id":10674,"href":"https:\/\/meetings.informs.org\/wordpress\/wsc2025\/wp-json\/wp\/v2\/pages\/4362\/revisions\/10674"}],"wp:attachment":[{"href":"https:\/\/meetings.informs.org\/wordpress\/wsc2025\/wp-json\/wp\/v2\/media?parent=4362"}],"curies":[{"name":"wp","href":"https:\/\/api.w.org\/{rel}","templated":true}]}}